se -5*t = -236 - y. What is the greatest common factor of t and 3?
3
Let q(j) = j**3 + 7*j**2 + 5*j + 8. Let p be q(-6). Suppose -15624 = 79*i - 236*i - 91*i. Calculate the greatest common divisor of p and i.
7
Suppose -j = -10*w + 20, -5*j + 0*w + 92 = -2*w. Calculate the highest common divisor of 20 and j.
20
Let d(c) = 2*c**2 - 46*c - 789. Let g be d(36). What is the highest common factor of g and 1764?
147
Suppose -1665 + 679 = -42*n + 190. Let y = -1097 - -1797. What is the greatest common divisor of n and y?
28
Let g be (0 - 2)*(-210)/(-84). Let x be -20*1/(g/8). What is the greatest common divisor of x and 8?
8
Suppose 4*c = 56 + 112. Suppose 2*p + 8 = 3*f, 2*p - 4*f + 18 = 3*p. Suppose 0 = u + p*u - 18. What is the greatest common factor of c and u?
6
Suppose 0 = -141*w + 133*w + 528. Suppose -19*o = -13*o - w. What is the highest common divisor of 77 and o?
11
Let o be 6/(-27) + (-2534)/(-63). Let y = 93 + -132. Let j = 44 + y. Calculate the greatest common divisor of o and j.
5
Let w(d) = -d**3 - 38*d**2 - 132*d + 149. Let r be w(-34). Calculate the highest common divisor of r and 15821.
13
Suppose -5*a + 0*a = -225. Suppose 0 = -50*r + 10741 + 7259. What is the highest common divisor of a and r?
45
Let r(m) = -m**2 - 74*m - 160. Let i be r(-57). Let d = -689 + i. What is the highest common factor of d and 840?
120
Let j be (-10)/(2 - 24/9). Suppose -j*s = -7*s - 56. Let u be (1 - 1)/1 - (-31 + s). Calculate the highest common factor of u and 216.
24
Suppose 0 = 3*x - 8*x + 2*u - 69, 2*x - u = -27. Let m(i) = 3*i + 51. Let g be m(x). Calculate the greatest common factor of 144 and g.
6
Let f = -959 + 1661. Suppose -51*b + f = -45*b. What is the highest common factor of 78 and b?
39
Let d = -4892 + 5013. What is the greatest common divisor of d and 8107?
121
Let c be (-1)/(1 + (-6)/4). Suppose -99 = -5*o + 3*g, 82 = 3*o + g + 31. Suppose -c*z + o = -0*z. What is the greatest common divisor of z and 18?
9
Suppose 0 = 2*z - 252 + 204. What is the highest common factor of 7944 and z?
24
Let j(b) = b**3 + 8*b**2 + b - 2. Let d be j(-7). Let s = -1253 + 1333. Calculate the highest common divisor of d and s.
40
Let v(a) = 7*a**2 + 2*a - 2. Let n be v(-3). Let z = n + -53. Let t be 55/10 + 1/z. Calculate the highest common factor of t and 9.
3
Suppose -24*v + 15 + 1809 = 0. Let c = -19 + 12. Let d(f) = -27*f + 1. Let p be d(c). What is the greatest common divisor of p and v?
38
Suppose -506 = -3*s + 67 - 21. Calculate the greatest common divisor of s and 8.
8
Suppose -3*f + 297 + 81 = 0. Let h = 4718 + -4634. What is the highest common divisor of f and h?
42
Let v be 1309 + (-6 + 301/49 - 6/(-7)). What is the greatest common factor of v and 40?
10
Suppose o - 2*o + 5592 = 3*v, -v = o - 1864. What is the greatest common divisor of v and 6291?
233
Suppose 0 = 3*s + 3*n - 2747 - 172, -4*s = -n - 3932. Calculate the highest common divisor of s and 3161.
109
Suppose 0 = 4*i - 15*p + 11*p + 548, -125 = i + 5*p. Let r = 520 + i. What is the greatest common divisor of r and 11?
11
Suppose 2*j - 1002 = -3*y, -39*y + 40*y - 329 = j. What is the greatest common factor of 8134 and y?
166
Suppose 8*w - 6 - 18 = 0. Suppose -x - 334 = -2*c, w*c = 4*x + 59 + 452. Let i = -37 - -52. What is the greatest common divisor of i and c?
15
Suppose 64*n + 48144 = 112*n. Calculate the highest common factor of n and 357.
17
Let d(t) = -t**2 + 46*t + 123. Let v be d(27). Suppose -v = f - 736. Calculate the highest common factor of 50 and f.
50
Suppose -10*z + 14*z - 4 = 0. Let u(j) = j**3 + 25*j**2 - j - 20. Let i be u(-25). Suppose 33 = i*k - 7. What is the greatest common divisor of z and k?
1
Let m(k) = -1464*k + 7450. Let x be m(5). What is the greatest common divisor of x and 8255?
65
Suppose 4*g = -5*h - 3, 2*h = g - 6*g + 9. Let f be h*2/(18/(-15)). Suppose -139 = -18*t + 221. What is the highest common factor of t and f?
5
Let q(o) = -o**3 - 57*o**2 + 296*o + 212. Let s be q(-62). Calculate the highest common divisor of 324 and s.
108
Let k = 30568 + -30524. Calculate the greatest common divisor of 22528 and k.
44
Suppose 314*q - 51393 = 199*q + 32327. Calculate the greatest common divisor of q and 336.
56
Let n = 5963 + -5708. What is the highest common divisor of 408 and n?
51
Suppose 9 + 19 = z. Suppose -6*v = 4*f - 304, -2*f - 184 = -1285*v + 1280*v. What is the highest common divisor of v and z?
14
Let r(b) = 29*b**2 + 18*b + 49. Let s be r(-4). Calculate the highest common divisor of 756 and s.
63
Let a(w) be the first derivative of -w**4/4 - 14*w**3/3 + 15*w**2 + 6*w + 30. Let s be a(-16). What is the greatest common divisor of s and 2?
2
Let w = -66 + 88. Suppose 0*a - 2*a + 396 = 0. Calculate the highest common factor of a and w.
22
Let s(d) = 43*d - 229. Let m be s(16). Let j = 495 - m. Calculate the highest common divisor of j and 252.
36
Let w(z) = 8*z**2 - 228*z - 228. Let a be w(-1). What is the highest common factor of a and 5?
1
Let i = -1916 - -2336. Calculate the greatest common factor of i and 875.
35
Suppose 29*y + 1890 = 20*y. Let q = y - -227. Let j = 50 + -16. Calculate the highest common factor of q and j.
17
Let h be (45 + 2)/((-1)/(-39)). Let x = 680647 - 680608. What is the greatest common divisor of x and h?
39
Suppose -4*d = 2*h - 16, -2*d - 144 = -5*h - 140. Calculate the greatest common factor of d and 344.
1
Let x = 37 - 291. Let g = -145 - x. Suppose -4*t = -5*w - g, -67 = -0*t - 2*t + 5*w. What is the highest common factor of t and 84?
21
Suppose 2*u - 3*s - 287 = 0, -2*u + 381 = 5*s + 54. Calculate the greatest common factor of 20838 and u.
151
Suppose -3*m - 24 = -11*m. Suppose 5*l = m*b + 599, 109 = l + 2*b + b. Let k = -58 + l. What is the highest common divisor of 30 and k?
30
Let m = 29 + -20. Suppose -8*h - 15 = 7*h. Let d be (-1876)/(-28) - (-6 - h). What is the greatest common divisor of d and m?
9
Suppose -411*n + 456*n - 16470 = 0. Calculate the highest common divisor of n and 122.
122
Let t = 8245 + -8012. What is the highest common factor of 17475 and t?
233
Let d(k) be the second derivative of -k**4/12 - 17*k**3/6 + 21*k**2/2 + 16*k. Let h be d(-14). What is the greatest common factor of h and 36?
9
Let g(a) be the first derivative of 27*a + 35 + 69/2*a**2. Let l be g(3). Calculate the highest common factor of 26 and l.
26
Let k be (-6 + 3)*1981/(-21). Suppose -5*m + 1408 = 2*a, 4*m - 5*a - 850 - k = 0. Calculate the greatest common divisor of 6 and m.
6
Let c = -1898 + 6298. What is the highest common factor of 150 and c?
50
Let h be ((-3)/6)/(4 - 1458/364). Let i = -91 + h. Suppose i = 12*r - 66 + 6. Calculate the highest common factor of r and 35.
5
Let s be (-208)/10 - 2/10. Let v = s - -24. Suppose 2*z + v*z = 350. Calculate the highest common factor of 10 and z.
10
Let n be ((-4)/(-6))/(-2) - (-3330)/27. Let x = 13 + -111. Let f = n + x. What is the greatest common divisor of 10 and f?
5
Let q(n) = -n**3 + 17*n**2 + 36*n + 135. Let k be q(-6). What is the greatest common divisor of k and 8466?
249
Let f be 1 - ((-1)/1 + -154). Let y be 250/9 - (-9)/((-648)/(-16)). Suppose 286 + 442 = y*g. What is the highest common factor of g and f?
26
Let o be (2 - 3)*(-819)/7. Let f be (10/(-3))/(856/(-50076)). Calculate the greatest common factor of f and o.
39
Suppose -2 = -3*o + 3*c + 58, 2*o + 3*c = 60. Let i be 2/34*-2 - 106/(-34). Calculate the greatest common divisor of o and i.
3
Let m be (-9 + (-830)/30)*186/(-2). Suppose 42*q = -13*q + m. Calculate the highest common factor of q and 62.
62
Suppose 3*h - 12 = 0, 3*p - 33 = 3*h + 60. Let l(b) = 56*b + 197. Let x be l(6). Let r = -288 + x. Calculate the highest common divisor of p and r.
35
Let r be (-3088)/(-48)*-9*(0 + -1). What is the highest common divisor of r and 3?
3
Suppose -25*m + 538 = -21*m + 5*y, 4*m - 4*y = 520. Calculate the greatest common factor of m and 5610.
66
Let g be (-264)/99*-196*(0 - -6). Calculate the greatest common divisor of 1764 and g.
196
Suppose 64 + 160 = 28*l. Suppose l*r - 987 = 2205. What is the greatest common divisor of 21 and r?
21
Let p = 20 + 70. Let k(a) be the first derivative of 2*a**3/3 - 9*a**2/2 + 22*a - 175. Let r be k(4). Calculate the highest common factor of p and r.
18
Let k(m) = m**2 - 2*m - 1. Let o be k(4).